
3
What is the highest common factor of 795 and 15?
15
What is the highest common divisor of 351 and 66?
3
What is the highest common factor of 1860 and 30?
30
Calculate the greatest common factor of 18 and 243.
9
Calculate the greatest common divisor of 112 and 21.
7
Calculate the highest common factor of 11080 and 360.
40
Calculate the greatest common divisor of 23274 and 54.
54
What is the greatest common factor of 355 and 213?
71
Calculate the highest common divisor of 14 and 49.
7
What is the highest common factor of 46 and 43838?
46
What is the greatest common divisor of 53232 and 24?
24
Calculate the greatest common factor of 702 and 414.
18
Calculate the greatest common factor of 1519 and 403.
31
Calculate the greatest common divisor of 2198 and 4710.
314
What is the highest common divisor of 14004 and 36?
36
What is the highest common factor of 34 and 136?
34
What is the highest common factor of 60 and 348?
12
Calculate the greatest common factor of 1649 and 388.
97
Calculate the highest common divisor of 104 and 260.
52
Calculate the highest common divisor of 6637 and 1.
1
What is the greatest common divisor of 46 and 19918?
46
What is the highest common factor of 51 and 4539?
51
What is the highest common factor of 299 and 2912?
13
Calculate the greatest common divisor of 80 and 24560.
80
What is the highest common divisor of 174 and 5800?
58
What is the greatest common factor of 1258 and 74?
74
What is the greatest common divisor of 85 and 153?
17
What is the greatest common divisor of 35 and 105?
35
What is the highest common factor of 301 and 35?
7
Calculate the highest common divisor of 66 and 15158.
22
What is the greatest common factor of 1098 and 378?
18
What is the greatest common divisor of 4536 and 672?
168
Calculate the highest common factor of 646 and 34.
34
Calculate the greatest common divisor of 416 and 52.
52
What is the greatest common factor of 55 and 176?
11
What is the highest common divisor of 82 and 41?
41
What is the highest common divisor of 708 and 768?
12
Calculate the highest common factor of 9 and 7461.
9
What is the highest common divisor of 1 and 53?
1
Calculate the highest common factor of 1863 and 27.
27
What is the highest common divisor of 544 and 17?
17
Calculate the highest common divisor of 73 and 7957.
73
Calculate the highest common factor of 26 and 182.
26
What is the greatest common factor of 112 and 1664?
16
What is the greatest common factor of 88 and 28?
4
What is the highest common factor of 315 and 252?
63
What is the greatest common factor of 572 and 104?
52
Calculate the highest common divisor of 7 and 10661.
7
What is the highest common divisor of 6617 and 13?
13
Calculate the highest common factor of 465 and 75.
15
Calculate the highest common divisor of 10751 and 26.
13
Calculate the highest common divisor of 416 and 52.
52
Calculate the highest common factor of 6403 and 38.
19
Calculate the highest common divisor of 2435 and 10.
5
Calculate the highest common divisor of 30 and 2750.
10
Calculate the greatest common divisor of 16 and 68.
4
What is the highest common factor of 12 and 4404?
12
Calculate the greatest common factor of 36 and 132.
12
Calculate the highest common factor of 34 and 5542.
34
Calculate the highest common factor of 1573 and 286.
143
Calculate the greatest common factor of 318 and 24.
6
What is the greatest common divisor of 8294 and 13?
13
Calculate the highest common divisor of 2016 and 560.
112
What is the highest common factor of 70 and 36610?
70
What is the greatest common factor of 525 and 375?
75
Calculate the greatest common divisor of 14 and 91.
7
Calculate the highest common factor of 56357 and 194.
97
Calculate the highest common factor of 14 and 24507.
7
Calculate the highest common factor of 108 and 621.
27
Calculate the greatest common factor of 10 and 1810.
10
Calculate the highest common divisor of 31 and 124.
31
What is the highest common factor of 90 and 375?
15
Calculate the greatest common factor of 9 and 216.
9
What is the highest common factor of 1309 and 1001?
77
What is the greatest common factor of 136 and 112?
8
Calculate the highest common divisor of 5089 and 21.
7
What is the greatest common divisor of 1892 and 143?
11
Calculate the highest common divisor of 43 and 4687.
43
What is the highest common factor of 207 and 851?
23
What is the highest common divisor of 11 and 2486?
11
Calculate the highest common factor of 369 and 27.
9
Calculate the highest common divisor of 258 and 6.
6
What is the highest common divisor of 11266 and 258?
86
Calculate the highest common divisor of 552 and 24.
24
Calculate the greatest common factor of 40 and 2890.
10
What is the greatest common divisor of 42 and 56?
14
Calculate the greatest common factor of 8 and 8924.
4
What is the greatest common divisor of 251 and 1?
1
What is the highest common factor of 66 and 638?
22
Calculate the greatest common factor of 418 and 38.
38
Calculate the highest common factor of 3783 and 39.
39
What is the greatest common divisor of 1040 and 40?
40
What is the greatest common factor of 1 and 41?
1
What is the highest common factor of 608 and 3268?
76
What is the highest common divisor of 13089 and 3?
3
Calculate the greatest common factor of 146 and 2.
2
What is the greatest common factor of 2774 and 152?
38
Calculate the highest common divisor of 66 and 462.
66
What is the highest common factor of 21 and 5509?
7
Calculate the greatest common divisor of 4921 and 266.
133
What is the highest common divisor of 305 and 45?
5
What is the highest common divisor of 68 and 289?
17
What is the highest common divisor of 54 and 86?
2
Calculate the highest common divisor of 50748 and 12.
12
Calculate the highest common divisor of 25 and 700.
25
Calculate the highest common factor of 120 and 72.
24
What is the highest common factor of 70 and 110?
10
Calculate the highest common factor of 4450 and 800.
50
Calculate the highest common divisor of 6168 and 336.
24
Calculate the highest common divisor of 19 and 513.
19
Calculate the highest common divisor of 14 and 1631.
7
What is the highest common divisor of 36 and 333?
9
What is the highest common divisor of 208 and 4432?
16
Calculate the greatest common divisor of 1218 and 112.
14
What is the highest common factor of 221 and 17?
17
What is the greatest common factor of 690 and 40?
10
Calculate the greatest common factor of 46 and 33925.
23
What is the highest common factor of 9396 and 48?
12
Calculate the greatest common factor of 9190 and 40.
10
What is the greatest common divisor of 67 and 335?
67
What is the greatest common divisor of 36064 and 98?
98
Calculate the greatest common divisor of 340 and 20.
20
What is the greatest common factor of 18 and 378?
18
Calculate the greatest common divisor of 221 and 476.
17
What is the highest common divisor of 170 and 10?
10
What is the greatest common factor of 5 and 315?
5
What is the highest common factor of 2920 and 10?
10
What is the highest common divisor of 112 and 96?
16
What is the greatest common factor of 1680 and 14?
14
What is the highest common divisor of 21 and 189?
21
What is the highest common divisor of 1397 and 508?
127
Calculate the highest common divisor of 8 and 36.
4
What is the greatest common factor of 3125 and 1125?
125
Calculate the greatest common factor of 36 and 2292.
12
What is the greatest common factor of 32 and 28?
4
What is the greatest common divisor of 130 and 832?
26
Calculate the greatest common factor of 96448 and 64.
64
What is the greatest common divisor of 720 and 45?
45
What is the highest common factor of 6014 and 217?
31
What is the greatest common factor of 285 and 1045?
95
What is the greatest common factor of 12 and 768?
12
Calculate the highest common divisor of 152 and 76.
76
Calculate the highest common divisor of 104 and 26.
26
What is the greatest common divisor of 8113 and 1197?
133
Calculate the greatest common factor of 52 and 42796.
52
What is the greatest common factor of 399 and 1729?
133
Calculate the highest common factor of 24552 and 6.
6
Calculate the greatest common factor of 44844 and 12.
12
What is the greatest common divisor of 533 and 410?
41
Calculate the greatest common factor of 434 and 27559.
217
Calculate th